 = 2*v + 3. What is x(8)?
19
Let f(q) = -49*q**2 - q - 1. Calculate f(-1).
-49
Let v(p) = -p - 30. Determine v(-19).
-11
Let q(w) = w**2 + 45*w + 198. Give q(-40).
-2
Let u(f) = 5*f**2 + 4*f - 9. Calculate u(-3).
24
Let m(x) = 4*x + 20. Give m(0).
20
Let o(m) = 8*m**2 + 36*m + 12. What is o(-4)?
-4
Let z(u) = u**3 + 73*u**2 + 208*u - 146. Calculate z(-70).
-6
Let z(l) = l**3 + 24*l**2 - 3*l - 56. Calculate z(-24).
16
Let f(q) = q**3 - 3*q**2 - 3*q + 148. What is f(0)?
148
Let l(t) = t**3 - 6*t**2 - 13*t - 16. Determine l(8).
8
Let g(m) = 3*m + 24. Calculate g(-8).
0
Let i(d) = -10*d + 5. Determine i(-6).
65
Let r(d) = 3*d**2 - 4*d - 27. Calculate r(0).
-27
Let t(k) = k**2 - 23*k - 39. Calculate t(24).
-15
Let w(b) = -b**3 - 7*b**2 - 8*b + 4. What is w(-6)?
16
Let f(a) = -a**2 - 9*a - 3. Calculate f(-9).
-3
Let k(j) = j**3 - j**2 - 2*j - 10. Determine k(0).
-10
Let l(y) = y**3 - 5*y**2 - 5*y - 1. Calculate l(5).
-26
Let b(z) = z - 30. Calculate b(0).
-30
Let w(x) = -45*x - 7. Calculate w(2).
-97
Let a(x) = -x**2 - 5*x + 1. Calculate a(-5).
1
Let p(c) = -c**2 + 10*c - 18. What is p(5)?
7
Let r(l) = -l**3 + 11*l**2 + 26*l + 21. Determine r(13).
21
Let u(c) = c**2 - 22*c + 114. What is u(11)?
-7
Let x(s) = s**2 - 14*s + 8. What is x(10)?
-32
Let r(q) = -q**3 - q**2 - 23. What is r(0)?
-23
Let v(i) = -i**2 - 2*i + 6. What is v(4)?
-18
Let q(u) = u**3 - u**2 - 4*u - 3. Determine q(-2).
-7
Let z(h) = -15*h + 104. Calculate z(7).
-1
Let h(y) = -y**3 + 3*y**2 - 2*y - 1. Calculate h(3).
-7
Let y(u) = -3*u - 62. Calculate y(-19).
-5
Let t(n) = -4*n - 22. Determine t(-6).
2
Let y(t) = -34*t + 1. Calculate y(-1).
35
Let r(i) = -2*i + 42. Determine r(13).
16
Let g(u) = u**3 - 8*u**2 + 6*u + 6. Calculate g(5).
-39
Let x(z) = z**3 - 18*z**2 + 6. Give x(18).
6
Let n(j) = -j**3 - 21*j**2 - j - 21. What is n(-21)?
0
Let m(o) = -2*o**3 - 10*o**2 - o - 11. Determine m(-5).
-6
Let f(a) = 3*a - 26. What is f(7)?
-5
Let a(t) = -t**2 - 10*t - 28. Calculate a(-7).
-7
Let k(h) = h**3 - 14*h**2 + h + 6. Determine k(14).
20
Let i(z) = -2*z - 14. What is i(-12)?
10
Let w(j) = -4*j - 78. What is w(-18)?
-6
Let q(f) = -16*f**3 - 2*f**2 - f + 2. Determine q(-2).
124
Let n(s) = s**3 + 6*s**2 + 5*s - 8. Give n(-5).
-8
Let l(s) = s**2 - 12*s + 17. Give l(6).
-19
Let s(j) = j**2 + 14*j + 40. Determine s(-9).
-5
Let u(h) = h**3 - 15*h**2 + 18*h - 65. What is u(14)?
-9
Let w(p) = -2*p**2 + 11*p - 19. Calculate w(6).
-25
Let k(m) = m + 8. Give k(-4).
4
Let p(o) = -o**3 + 14*o**2 - 17*o - 12. Determine p(12).
72
Let l(y) = y**2 - 13*y - 5. What is l(15)?
25
Let r(u) = u**3 - 2*u**2 - 17*u + 45. Calculate r(4).
9
Let u(m) = m**3 + 2*m**2 - m - 3. Calculate u(-2).
-1
Let g(k) = 4*k + 30. What is g(-12)?
-18
Let c(u) = -u - 5. Give c(6).
-11
Let v(i) = -i**2 + 23*i + 269. Give v(31).
21
Let y(j) = -48*j - 565. Calculate y(-12).
11
Let f(p) = -3*p + 38. Determine f(3).
29
Let r(i) = -6*i - 38. What is r(-18)?
70
Let y(h) = -13*h**3 - 4*h + 3. Calculate y(1).
-14
Let s(f) = -3*f**3 - 3*f**2 - 3*f - 1. Determine s(-1).
2
Let y(j) = -3*j + 1. What is y(-4)?
13
Let y(v) = -7*v + 63. Calculate y(12).
-21
Let v(s) = -s**3 - s - 34. Give v(0).
-34
Let w(s) = s**3 + 6*s**2 - 282*s - 43. Give w(-20).
-3
Let z(p) = -16*p**3 + 2*p**2 - 15*p - 16. Give z(-1).
17
Let n(b) = -9*b**2 - 26*b - 25. Give n(-1).
-8
Let w(u) = 4*u - 32. What is w(8)?
0
Let y(v) = v**3 - 3*v**2 - 2*v + 6. Calculate y(4).
14
Let u(m) = 5*m**2 + 4*m - 28. Give u(-6).
128
Let w(s) = 2*s + 31. Determine w(-15).
1
Let o(t) = -t**3 + 5*t**2 + 6*t + 10. What is o(6)?
10
Let d(j) = -j**2 - 8*j + 75. Calculate d(6).
-9
Let k(r) = -r**2 + 8*r + 40. Determine k(11).
7
Let k(c) = -2*c**2 - 44*c + 78. Give k(-23).
32
Let q(s) = s**3 + 29*s**2 + 119*s - 16. Give q(-24).
8
Let f(i) = i**3 + 35*i**2 - 38*i - 67. Calculate f(-36).
5
Let v(h) = h**3 + 8*h**2 - h + 4. What is v(-8)?
12
Let g(j) = -14*j**2 + 1. Calculate g(-3).
-125
Let h(j) = -6*j**3 + 3*j**2 - j - 1. What is h(1)?
-5
Let i(x) = -2*x**2 - 6*x + 7. What is i(-3)?
7
Let l(n) = -5*n**2 - 19*n + 1. What is l(-5)?
-29
Let f(i) = i + 4. Give f(8).
12
Let h(c) = -c - 15. Determine h(-13).
-2
Let b(q) = -3*q**2 + q + 5. Give b(-3).
-25
Let w(b) = 2*b - 3. Determine w(7).
11
Let l(h) = -6*h**2 + 9*h - 9. Give l(4).
-69
Let r(s) = s**3 - 8*s**2 + 20*s - 2. Calculate r(5).
23
Let f(u) = -u**3 - 6*u**2 + 5*u - 13. What is f(-7)?
1
Let d(s) = s**3 + 8*s**2 + 2*s - 23. What is d(-7)?
12
Let c(l) = 17*l + 2. Give c(-1).
-15
Let g(c) = -46*c**3 + 2*c**2 + c. What is g(-1)?
47
Let h(f) = -f**3 + 10*f**2 - 31*f + 209. Determine h(9).
11
Let n(x) = 30*x + 191. What is n(-7)?
-19
Let m(v) = -15*v**2 + v. Determine m(1).
-14
Let y(u) = -u**3 + 5*u**2 + 102*u + 20. What is y(13)?
-6
Let w(v) = -v**3 + 27*v**2 + 57*v + 37. What is w(29)?
8
Let t(w) = -41*w + 327. Calculate t(8).
-1
Let h(y) = -2*y**3 - 108*y**2 - 2*y - 133. Calculate h(-54).
-25
Let s(m) = 9*m - 30. Determine s(4).
6
Let r(u) = 9*u**2 - 31*u - 93. Give r(-3).
81
Let r(k) = 10*k - 17. What is r(12)?
103
Let s(o) = 8*o + 8. Calculate s(0).
8
Let u(r) = -r**3 - 9*r**2 + 2*r + 13. Give u(-9).
-5
Let c(u) = -5*u - 14. What is c(-7)?
21
Let b(n) = -n + 3. Determine b(-9).
12
Let c(j) = -j**3 + 55*j**2 + 116*j - 112. Determine c(57).
2
Let i(f) = 5*f. Give i(1).
5
Let g(w) = -w**2 - 16*w - 59. What is g(-10)?
1
Let j(g) = -2*g - 11. What is j(-1)?
-9
Let x(y) = y**2 - 8*y - 7. What is x(7)?
-14
Let z(h) = -h**2 + 10*h - 9. Calculate z(10).
-9
Let u(k) = -3*k - 12. Determine u(-5).
3
Let g(o) = 6*o + 138. Give g(-24).
-6
Let f(p) = -p - 10. Determine f(-7).
-3
Let j(s) = s**2 + 28*s + 33. Give j(-27).
6
Let n(x) = -x**3 - 6*x**2 - 2*x - 14. Calculate n(-6).
-2
Let a(x) = -36*x - 1. Determine a(1).
-37
Let b(l) = -l**2 + l + 28. Determine b(7).
-14
Let f(h) = h**3 + 2*h**2 + 4*h + 4. Determine f(3).
61
Let n(z) = -2*z + 49. What is n(28)?
-7
Let k(v) = -2*v - 35. What is k(-13)?
-9
Let y(b) = -6*b**2 - 59*b + 8. What is y(-10)?
-2
Let w(p) = p**2 + 45*p + 74. Give w(-43).
-12
Let d(r) = 7*r + 241. Determine d(-33).
10
Let f(l) = 10*l**2 + 7*l - 8. Determine f(1).
9
Let t(u) = -3*u + 58. Calculate t(17).
7
Let y(w) = -4*w + 68. Calculate y(15).
8
Let l(y) = y**2 - 3*y - 28. Calculate l(7).
0
Let t(g) = -4*g - 3. Calculate t(-5).
17
Let t(f) = -f**3 - 5*f**2 + 7*f - 3. What is t(-6)?
-9
Let t(x) = 2*x**2 + x - 7. What is t(3)?
14
Let r(i) = -i**3 + 2*i**2 + 4*i. Calculate r(4).
-16
Let s(b) = -b + 32. Give s(37).
-5
Let z(y) = 2*y**3 - 17*y**2 + 30*y - 14. Give z(7).
49
Let i(d) = -106*d**3 - 2*d**2 - 3*d + 4. What is i(1)?
-107
Let i(o) = -14*o - 12. Determine i(-2).
16
Let q(k) = k - 10. What is q(-7)?
-17
Let c(h) = -h**2 + 6*h - 11. Determine c(4).
-3
Let w(p) = -2*p**3 + 4*p**2 - 3*p + 1. Determine w(2).
-5
Let m(p) = -3*p + 20. What is m(-5)?
35
Let g(z) = -4*z + 29. Give g(6).
5
Let d(s) = s**2 + 39*s + 104. Determine d(-36).
-4
Let d(g) = g**3 - 10*g**2 + 17*g - 32. What is d(8)?
-24
Let k(j) = 2*j + 5. Calculate k(-2).
1
Let x(s) = 7*s - 36. Determine x(-9).
-99
Let b(g) = -28*g**2 + 2*g - 1. Give b(1).
-27
Let k(o) = -o**3 - 5*o**2 + 6*o + 1. What is k(-6)?
1
Let o(g) = -g**3 - 26*g**2 + 2*g - 1. Give o(-26).
-53
Let p(s) = s**2 + 38*s + 247. Calculate p(-30).
7
Let y(w) = w + 8. What is y(3)?
11
Let f(b) = b**2 + 6*b - 3. Determine f(-8).
13
Let u(p) = -2*p**2 + 6*p + 23. Calculate u(7).
-33
Let s(f) = f**3 + 12*f**2 + 22*f + 8. What is s(-9)?
53
Let i(t) = 38*t**3 - t + 1. What is i(1)?
38
Let q(h) = -2*h - 17. Give q(-13).
9
Let j(p) = p**2 + 10*p + 12. Give j(-8).
-4
Let j(f) = -f**3 + 4*f + 3. Calculate j(-1).
0
Let i(j) = -j**3 + 2*j**2 + 4*j - 5. Determine i(4).
-21
Let m(u) = -7*u - 56. What is m(-11)?
21
Let h(i) = -3*i**3 + 42*i**2 - 9. Give h(14).
-9
Let j(b) = b**3 + 6*b**2 + 2*b + 8. Determine j(-6).
-4
Let q(o) = -2*o**2 + 20*o + 15. Determine q(11).
-7
Let v(p) = -p**3 + 25*p**2 - 4. What is v(25)?
-4
Let d(n) = -n**2 - 9*n + 4. Calculate d(-11).
-18
Let y(b) = b**3 + 5*b**2 + 3*b + 4. What is y(-4)?
8
Let d(m) = -2*m - 3. Determine d(-5).
7
Let v(k) = -125*k - 495. Calculate v(-4).
5
Let y(g) = -2*g**3 + 7*g**2 - 3*g - 5. Calculate y(5).
-95
Let f(a) = 5*a + 49. Determine f(-14).
-21
Let m(h) = -h**3 - 2*h - 3. C